s digit of y(4)?
1
Let h(r) = -15*r**2 - 3*r - 2. Let u(m) = -m**2 - m - 1. Let q(f) = -h(f) + 2*u(f). Suppose 28*z + 26 = -2. What is the units digit of q(z)?
2
Suppose 2*m + 37*a - 265 = 36*a, -a - 545 = -4*m. What is the tens digit of m?
3
Let g be 450/66 + 2/11. Suppose 4*a - g*a + 6 = 4*x, -7 = -x + 2*a. What is the tens digit of ((-2)/x)/((-4)/66)?
1
Suppose 40*i - 206520 = 11*i + 5*i. What is the hundreds digit of i?
6
What is the units digit of (-13)/858*-282714 - 12/22?
3
Suppose 187 - 57 = -10*q. What is the units digit of 735/3*q/(65/(-20))?
0
Let h(a) = 2 - 34*a + 140*a + 0*a - 27 - 111. What is the hundreds digit of h(4)?
2
Let v(q) = 19*q + 3094. What is the units digit of v(-53)?
7
What is the thousands digit of 23548 + -1 + 13 + -15?
3
Suppose -5*l + 1045 = -60*l. Let h(y) = -21*y - 9. Let g(o) = -11*o - 4. Let m(u) = -5*g(u) + 3*h(u). What is the tens digit of m(l)?
4
Suppose 0 = u + 8*u - 2*u. Suppose u = 97*d - 102*d + 5. What is the units digit of (96 - (-14)/(-7)) + d*-3?
1
Let s = 2841 - 2488. What is the hundreds digit of s?
3
Let m(u) = -23*u - 116. Let k be 5*(1 - 26/(-20)*-2). What is the tens digit of m(k)?
6
Suppose 4*q - 3*w = 13998, 0 = -19*q + 21*q - 2*w - 6998. What is the tens digit of q?
0
Suppose 37*p - 41*p = 3*d - 120975, -4*d - 3*p + 161300 = 0. What is the thousands digit of d?
0
Suppose 14*b + 12*b = 104. Suppose -b*x = x - a - 819, -310 = -2*x - 4*a. What is the units digit of x?
3
Let f be (-138)/(-7) - 6/(-21). Let n be ((-100)/760*-19)/(1/(-2)). What is the hundreds digit of ((-151)/4)/((25/f)/n)?
1
Let r = 2 - -137. Let c be (6/(-1))/(4/(-66)). Let o = r - c. What is the units digit of o?
0
Let p(k) = 2*k**2 - 49*k + 18. Let d be p(24). Let v(g) = 9*g**2 - g + 33. What is the units digit of v(d)?
3
Let u = 150 - -123. Let t(w) = -5*w - 55. Let r be t(18). Let d = r + u. What is the hundreds digit of d?
1
Let h(r) = -110*r - 47. Let a be h(-5). Let s = 889 - a. What is the hundreds digit of s?
3
Suppose 3*c - 2*w - 16 = c, -3*w + 11 = 4*c. Suppose -4*g + c*j + 672 = -2*g, -4 = -j. What is the hundreds digit of g?
3
Let l = -451 - -479. Suppose l*z - 11220 = 18*z. What is the hundreds digit of z?
1
Let b = 16048 + 3934. What is the units digit of b?
2
Let c = -96 - -99. Suppose l = h - 569, -5*h + l = c*l - 2866. Suppose 0 = 14*o - 18*o + h. What is the hundreds digit of o?
1
Suppose -1391 = -2*h - 2*k + 1563, -h + 5*k = -1507. Let c = h + -399. What is the thousands digit of c?
1
Let t(n) = -n**3 + n**2 + 4. Let v be t(2). Suppose v = -4*x + 924 + 644. What is the units digit of x?
2
Suppose 11*o = 10*o - 20*o. Suppose o = -5*s + 2*v + 1448, -2*v + 280 = 7*s - 6*s. What is the hundreds digit of s?
2
Let b(k) = 4*k**2 - 8*k + 27. Let u be b(3). Suppose -22*f + u*f = 6443. What is the hundreds digit of f?
3
Suppose 5*j - n = 855, -4*j + 496 = -j - 4*n. Suppose 0 = -l - l - j. Let t = -20 - l. What is the units digit of t?
6
Let u(o) = 23*o**3 - 5*o + 2. Let t(z) = 4*z + 23. Let i be t(-5). Let v(p) = -46*p**3 + 10*p - 3. Let k(f) = i*v(f) + 5*u(f). What is the units digit of k(-2)?
5
Let u be (-8 + 3 + 44)/(-1). Let t = -33 - u. Suppose x - 5*d - 176 = 0, 3*x + 3*d - t*d = 576. What is the hundreds digit of x?
1
Let m(o) = o**3 + 31*o**2 - 75*o - 40. Let a = -518 - -485. What is the units digit of m(a)?
7
Suppose -2*q + 723 + 539 = 0. Suppose 8*a = 9*a - q. What is the hundreds digit of a?
6
Let q(z) be the first derivative of 2*z**4/3 - 5*z**3/6 + 5*z**2 - 17*z - 8. Let y(p) be the first derivative of q(p). What is the hundreds digit of y(4)?
1
What is the tens digit of ((-121)/(-33))/((-3)/(-4563) - 0)?
7
Let f(w) = 4810*w**2 + 76*w + 8. What is the units digit of f(-4)?
4
Suppose -3*i - 5*g = -66191, -17*i - 4*g = -19*i + 44164. What is the hundreds digit of i?
0
Suppose -6*r + r - 15 = 0. Let z(w) = -2*w**3 + 4*w - 2. Let l be z(r). Suppose 5*t = 5*p + l, 2*t + p - 3 = -2. What is the units digit of t?
3
Let a be 711*12/(-9)*-2. What is the units digit of 6/27 + (a/(-54))/(-4)?
9
Suppose 0 = 2*n + v - 3104, 3*v - 55 + 1607 = n. What is the tens digit of n?
5
Let x be (24/32 - (-4)/(-1))*-4. Suppose x*s = 23*s - 3850. What is the units digit of s?
5
Suppose -12*s + 481317 = 19*s + 103148. What is the units digit of s?
9
What is the hundreds digit of 27993*((-2)/30 + (-6)/(-15))?
3
Suppose 2 = i - 0*o - o, 0 = -2*i - 3*o + 9. Suppose 0 = 4*b - i*u - 840, -u + 113 + 956 = 5*b. What is the hundreds digit of b?
2
Let k = 35934 - 32834. What is the tens digit of k?
0
Let c be (-8 - (3 + -1)) + 4. Let h(n) = 3*n**2 + 17*n + 2. Let o be h(c). Suppose -2*r = x - 19, 3*r = 4*x + o*r - 91. What is the units digit of x?
9
What is the thousands digit of (31 - (-89405)/45) + (4/18)/1?
2
Let o(z) = -6*z**2 + 26*z + 19. Let h be o(8). Let l = 137 - h. What is the units digit of l?
4
What is the hundreds digit of -3*1 + (4776/(-14))/(4/(-112))?
5
Suppose b = n + 1653, -173*n = -178*n + 10. What is the thousands digit of b?
1
Let k be (-6 + 9)*(-20)/(-12). Suppose 499 = -0*o + k*o - 3*y, -4*o = -5*y - 394. What is the hundreds digit of o?
1
Let m be ((-118)/(-295))/((-1)/50). What is the hundreds digit of (m/(-35) - (-17502)/21) + -2?
8
Let u(w) = w**3 - 2*w**2 - 4*w + 5. Let f be u(3). Suppose 145 + 17 = -f*v. Let i = -17 - v. What is the tens digit of i?
6
Suppose -2*p + x = -8, -5*x = -3*p + 7*p - 30. What is the units digit of p/25 + (-9204)/(-30)?
7
Let a be (-44)/(-6) - 2/(-3). Let p(d) be the third derivative of d**6/120 - d**5/10 - d**4/2 - 3*d**3/2 - 150*d**2. What is the tens digit of p(a)?
2
What is the tens digit of (482*((-50)/4 - -13))/1?
4
Let m be -1*3 - (-393 - -9). Suppose 0 = -81*x + 82*x - m. What is the tens digit of x?
8
Suppose -2*m + 4*g = 148, -m + 49 = -2*m - 3*g. Suppose -31*y = 2406 - 391. Let n = m - y. What is the units digit of n?
1
Let a be (-13508)/28 - (-6)/14. What is the units digit of (a/(-2))/(1/2)?
2
Let f be 3*(-6)/(-9)*1. Let w(d) = d**3 - 9*d**2 + 3*d + 16. Let v be w(11). Suppose -6 = -f*h, 0 = -3*l + 3*h - h + v. What is the units digit of l?
9
Let d(u) = u**2 + u - 7. Let c be d(-3). What is the units digit of c - (-4 - 320) - 5?
8
Let j = 3921 + -2354. Let o = j - 887. What is the units digit of o?
0
Let f = -8 - -10. Suppose -11*g = -5573 - 5328. Suppose -5*q = -3*s + 7*s - g, 0 = f*q + 5*s - 393. What is the units digit of q?
9
Let m = -61 + 46. What is the tens digit of 5*((-651)/m + 2)?
2
Let g = -7939 + 11633. Suppose g - 406 = 24*r. What is the tens digit of r?
3
Suppose 84*f = -76437 + 560109. What is the hundreds digit of f?
7
Let x(s) = -s**2 + 18*s - 15. Let n be x(16). Suppose -3*w + 5*w = b - 13, -5*b + n = 2*w. What is the units digit of 2 - 208/(-8)*(-34)/w?
3
Let q(g) = -13*g**2 + 2*g + 1. Let h be q(1). What is the tens digit of (-8739)/(-18) + h - 3/(-2)?
7
Let g = 1 + -2. Let f(w) be the second derivative of -38*w**3/3 - 3*w**2/2 + 2*w - 416. What is the units digit of f(g)?
3
Let o(v) = -v**3 + 5*v**2 - 7*v + 10297. What is the tens digit of o(0)?
9
Let y = 146456 + -99480. What is the ten thousands digit of y?
4
Let q(u) = u**2 - 18*u + 21. Let h be q(17). Suppose 0 = 5*d + h*x - 3680, -3*x = -7*x. What is the units digit of d?
6
Suppose -33*j - 234 = -24*j. What is the hundreds digit of (-24 + 5 - -2)*j?
4
Let a = -241 + 223. What is the units digit of a - -19 - 1*(-3 + 2)?
2
Let t be ((-8)/(-5))/((-22)/(-55)). Suppose 2*q - 340 = -4*v, 3*q - 95 = -t*v + 405. Let o = -48 + q. What is the hundreds digit of o?
1
Let v = -42 - -137. Suppose 0 = 96*l - v*l - 839. What is the tens digit of l?
3
Suppose 16*g - g = 68400. Suppose 22*y = 6*y + g. What is the tens digit of y?
8
Let i = 468 - 149. Let s(l) = 9 - 14*l + l**3 + i*l**2 - 334*l**2 + 0*l**3. What is the units digit of s(16)?
1
Let q = 98 - 50. Suppose 49*c - q*c = -4. What is the tens digit of (2/c)/1 - 716/(-8)?
8
Let a(w) = 12*w**2 + 29*w + 5. Let s be a(-2). What is the tens digit of 5/(s/8)*(-477)/6?
3
Let c be 349 - -8*1/2. Let k = 401 - c. What is the tens digit of k?
4
Let f(q) = -100*q**3 - 5*q**2 + 5*q + 25. Let s be f(-4). Suppose -23*j + 0*j + s = 0. What is the tens digit of j?
7
Suppose 5*a + 6 = n - 0, a + 14 = -3*n. Let k be (a/7)/(114/(-28) + 4). Suppose -5*s = k*m - 775, 4*m +